{"id":5,"date":"2019-12-19T15:34:14","date_gmt":"2019-12-19T14:34:14","guid":{"rendered":"http:\/\/kitagrabe.de\/?page_id=5"},"modified":"2023-01-05T08:50:23","modified_gmt":"2023-01-05T07:50:23","slug":"willkommen","status":"publish","type":"page","link":"http:\/\/kitagrabe.de\/","title":{"rendered":"Willkommen im ev. Kindergarten Grabe"},"content":{"rendered":"\n<p><\/p>\n\n\n\n<p>Wir sind die Kindertagesst\u00e4tte im M\u00fchlh\u00e4user Ortsteil Grabe. <br>Einer der \u00e4ltesten Kinderg\u00e4rten Th\u00fcringens befindet sich seit vielen Jahrzehnten im ehemaligen Pfarrhaus von Grabe. <\/p>\n\n\n\n<blockquote class=\"wp-block-quote has-text-align-left is-style-default\"><p>\u201e Wo sonst in der Gemeinde sind Menschen so viel beieinander?<br> Wo sonst kann so ausgiebig praktiziert werden,<br> das Leben und Glauben zusammengeh\u00f6ren ?<br> Wo sonst k\u00f6nnen sich Verk\u00fcndigung, Sorge um das Wohl der Kinder und<br> Eltern, erleben von Zusammengeh\u00f6rigkeit und Feiern so sehr Miteinander<br> Verbinden wie in einer Kindertagesst\u00e4tte ? \u201e<\/p><cite>Frieder Harz<\/cite><\/blockquote>\n\n\n\n<p>Unser Evangelischer Kindergarten ist eine Einrichtung der Evangelischen Kirchengemeinde Grabe. Wir sind offen f\u00fcr alle Kinder ab dem vollendeten ersten Lebensjahr bis zum Schuleintritt. In unserem Kindergarten haben wir Platz f\u00fcr 27 Kinder.<\/p>\n\n\n\n<p>Wir sind Teil der Gemeinde, mit besonderem Bezug zum kirchlichen Leben und ein Bereich des sozialen Miteinanders und Lernens. Als Teil der Weltweiten christlichen Kirche nehmen wir dies in unseren Alltag mit auf und feiern dies. Im Mittelpunkt unseres Handelns steht das christliche Menschenbild, sowie die Bewahrung und der bewusste Umgang mit der Sch\u00f6pfung.<\/p>\n\n\n\n<p>Aktuelles:<\/p>\n\n\n\n<p><\/p>\n\n\n<ul class=\"wp-block-latest-posts__list has-dates wp-block-latest-posts\"><li><a href=\"http:\/\/kitagrabe.de\/?p=167\">WARNSTUFE 1<\/a><time datetime=\"2021-09-29T07:57:11+02:00\" class=\"wp-block-latest-posts__post-date\">29. September 2021<\/time><\/li>\n<li><a href=\"http:\/\/kitagrabe.de\/?p=136\">\u00d6ffnung am Montag 17.05.21<\/a><time datetime=\"2021-05-16T10:46:06+02:00\" class=\"wp-block-latest-posts__post-date\">16. Mai 2021<\/time><\/li>\n<li><a href=\"http:\/\/kitagrabe.de\/?p=129\">\u00d6ffnung im M\u00e4rz<\/a><time datetime=\"2021-02-28T11:38:54+01:00\" class=\"wp-block-latest-posts__post-date\">28. Februar 2021<\/time><\/li>\n<li><a href=\"http:\/\/kitagrabe.de\/?p=125\">Schlie\u00dfung im Januar<\/a><time datetime=\"2021-01-07T09:54:00+01:00\" class=\"wp-block-latest-posts__post-date\">7. Januar 2021<\/time><\/li>\n<li><a href=\"http:\/\/kitagrabe.de\/?p=121\">Hygieneplan und Stufenkonzept<\/a><time datetime=\"2020-09-03T09:02:40+02:00\" class=\"wp-block-latest-posts__post-date\">3. September 2020<\/time><\/li>\n<\/ul>\n\n\n<p>Ihr findet uns:<\/p>\n\n\n\n<p><a rel=\"noreferrer noopener\" aria-label=\"Kindergarten Grabe\nHauptstra\u00dfe 28\n99998 M\u00fchlhausen OT Grabe (\u00f6ffnet in neuem Tab)\" href=\"http:\/\/maps.google.com\/?daddr=Hauptstra\u00dfe+28,99998+M\u00fchlhausen\" target=\"_blank\">Kindergarten Grabe<br>Hauptstra\u00dfe 28<br>99998 M\u00fchlhausen OT Grabe<\/a><\/p>\n\n\n\n<p>Ihr erreicht uns:<\/p>\n\n\n\n<p><a href=\"tel:036017643888\">03601\/7643888<\/a><\/p>\n\n\n\n<p><a href=\"mailto:Kita-Grabe@web.de\">Kita-Grabe@web.de<\/a><\/p>\n ","protected":false},"excerpt":{"rendered":"<p>Wir sind die Kindertagesst\u00e4tte im M\u00fchlh\u00e4user Ortsteil Grabe. Einer der \u00e4ltesten Kinderg\u00e4rten Th\u00fcringens befindet sich seit vielen Jahrzehnten im ehemaligen Pfarrhaus von Grabe. \u201e Wo sonst in der Gemeinde sind Menschen so viel beieinander? Wo sonst kann so ausgiebig praktiziert werden, das Leben und Glauben zusammengeh\u00f6ren ? Wo sonst k\u00f6nnen sich Verk\u00fcndigung, Sorge um das &hellip; <\/p>\n<p class=\"link-more\"><a href=\"http:\/\/kitagrabe.de\/\" class=\"more-link\"><span class=\"screen-reader-text\">\u201eWillkommen im ev. Kindergarten Grabe\u201c<\/span> weiterlesen<\/a><\/p>\n","protected":false},"author":1,"featured_media":0,"parent":0,"menu_order":0,"comment_status":"closed","ping_status":"closed","template":"","meta":[],"_links":{"self":[{"href":"http:\/\/kitagrabe.de\/index.php?rest_route=\/wp\/v2\/pages\/5"}],"collection":[{"href":"http:\/\/kitagrabe.de\/index.php?rest_route=\/wp\/v2\/pages"}],"about":[{"href":"http:\/\/kitagrabe.de\/index.php?rest_route=\/wp\/v2\/types\/page"}],"author":[{"embeddable":true,"href":"http:\/\/kitagrabe.de\/index.php?rest_route=\/wp\/v2\/users\/1"}],"replies":[{"embeddable":true,"href":"http:\/\/kitagrabe.de\/index.php?rest_route=%2Fwp%2Fv2%2Fcomments&post=5"}],"version-history":[{"count":42,"href":"http:\/\/kitagrabe.de\/index.php?rest_route=\/wp\/v2\/pages\/5\/revisions"}],"predecessor-version":[{"id":183,"href":"http:\/\/kitagrabe.de\/index.php?rest_route=\/wp\/v2\/pages\/5\/revisions\/183"}],"wp:attachment":[{"href":"http:\/\/kitagrabe.de\/index.php?rest_route=%2Fwp%2Fv2%2Fmedia&parent=5"}],"curies":[{"name":"wp","href":"https:\/\/api.w.org\/{rel}","templated":true}]}}

<p></p>



<p>Wir sind die Kindertagesstätte im Mühlhäuser Ortsteil Grabe. <br>Einer der ältesten Kindergärten Thüringens befindet sich seit vielen Jahrzehnten im ehemaligen Pfarrhaus von Grabe. </p>



<blockquote class="wp-block-quote has-text-align-left is-style-default"><p>„ Wo sonst in der Gemeinde sind Menschen so viel beieinander?<br> Wo sonst kann so ausgiebig praktiziert werden,<br> das Leben und Glauben zusammengehören ?<br> Wo sonst können sich Verkündigung, Sorge um das Wohl der Kinder und<br> Eltern, erleben von Zusammengehörigkeit und Feiern so sehr Miteinander<br> Verbinden wie in einer Kindertagesstätte ? „</p><cite>Frieder Harz</cite></blockquote>



<p>Unser Evangelischer Kindergarten ist eine Einrichtung der Evangelischen Kirchengemeinde Grabe. Wir sind offen für alle Kinder ab dem vollendeten ersten Lebensjahr bis zum Schuleintritt. In unserem Kindergarten haben wir Platz für 27 Kinder.</p>



<p>Wir sind Teil der Gemeinde, mit besonderem Bezug zum kirchlichen Leben und ein Bereich des sozialen Miteinanders und Lernens. Als Teil der Weltweiten christlichen Kirche nehmen wir dies in unseren Alltag mit auf und feiern dies. Im Mittelpunkt unseres Handelns steht das christliche Menschenbild, sowie die Bewahrung und der bewusste Umgang mit der Schöpfung.</p>



<p>Aktuelles:</p>



<p></p>


<ul class="wp-block-latest-posts__list has-dates wp-block-latest-posts"><li><a href="http://kitagrabe.de/?p=167">WARNSTUFE 1</a><time datetime="2021-09-29T07:57:11+02:00" class="wp-block-latest-posts__post-date">29. September 2021</time></li>
<li><a href="http://kitagrabe.de/?p=136">Öffnung am Montag 17.05.21</a><time datetime="2021-05-16T10:46:06+02:00" class="wp-block-latest-posts__post-date">16. Mai 2021</time></li>
<li><a href="http://kitagrabe.de/?p=129">Öffnung im März</a><time datetime="2021-02-28T11:38:54+01:00" class="wp-block-latest-posts__post-date">28. Februar 2021</time></li>
<li><a href="http://kitagrabe.de/?p=125">Schließung im Januar</a><time datetime="2021-01-07T09:54:00+01:00" class="wp-block-latest-posts__post-date">7. Januar 2021</time></li>
<li><a href="http://kitagrabe.de/?p=121">Hygieneplan und Stufenkonzept</a><time datetime="2020-09-03T09:02:40+02:00" class="wp-block-latest-posts__post-date">3. September 2020</time></li>
</ul>


<p>Ihr findet uns:</p>



<p><a rel="noreferrer noopener" aria-label="Kindergarten Grabe
Hauptstraße 28
99998 Mühlhausen OT Grabe (öffnet in neuem Tab)" href="http://maps.google.com/?daddr=Hauptstraße+28,99998+Mühlhausen" target="_blank">Kindergarten Grabe<br>Hauptstraße 28<br>99998 Mühlhausen OT Grabe</a></p>



<p>Ihr erreicht uns:</p>



<p><a href="tel:036017643888">03601/7643888</a></p>



<p><a href="mailto:Kita-Grabe@web.de">Kita-Grabe@web.de</a></p>

<p>Wir sind die Kindertagesstätte im Mühlhäuser Ortsteil Grabe. Einer der ältesten Kindergärten Thüringens befindet sich seit vielen Jahrzehnten im ehemaligen Pfarrhaus von Grabe. „ Wo sonst in der Gemeinde sind Menschen so viel beieinander? Wo sonst kann so ausgiebig praktiziert werden, das Leben und Glauben zusammengehören ? Wo sonst können sich Verkündigung, Sorge um das &hellip; </p>
<p class="link-more"><a href="http://kitagrabe.de/" class="more-link"><span class="screen-reader-text">„Willkommen im ev. Kindergarten Grabe“</span> weiterlesen</a></p>
